) = 24*l - 3. Give x(0).
-3
Let k(i) = 1414*i + 28287. Calculate k(-20).
7
Let n(z) = -43*z**3 + 11*z**2 - 2*z + 2. Calculate n(2).
-302
Let m(a) = 8*a**3 + 127*a**2 - 20*a - 64. Determine m(-16).
0
Let a(q) = -q**3 - 5*q**2 - q. Give a(-2).
-10
Let t(m) = m**3 - 19*m**2 - 33*m - 183. Calculate t(21).
6
Let s(r) = -7*r**2 + 193*r - 539. What is s(24)?
61
Let s(r) = -8*r**2 - 126*r - 343. What is s(-12)?
17
Let i(o) = -o**2 - 10*o + 89. Give i(5).
14
Let u(i) = -18*i + 207. Give u(36).
-441
Let q(u) = -12*u**2 + 436*u - 496. What is q(35)?
64
Let u(t) = t**3 - 26*t**2 - 47*t + 513. What is u(27)?
-27
Let r(s) = -35*s**3 + 3*s**2 - 2*s - 4. Give r(-1).
36
Let d(a) = 14*a**3 + 2*a**2 - 30*a + 11. Determine d(4).
819
Let x(j) = -j**2 + 16*j - 151. Determine x(-17).
-712
Let q(o) = 5070*o - 50744. What is q(10)?
-44
Let t(b) = -b**3 - 6*b**2 - 7*b - 35. What is t(-7)?
63
Let i(x) = -127*x - 2406. What is i(-19)?
7
Let p(i) = 37*i**2 + 137*i - 39. What is p(-4)?
5
Let s(g) = -4*g**2 + 23*g + 394. Determine s(-8).
-46
Let c(z) = 5*z**2 + 15*z + 8. What is c(5)?
208
Let y(c) = c**3 - 142*c**2 - 732*c + 10. Determine y(-5).
-5
Let g(q) = 184*q - 1975. Give g(11).
49
Let u(v) = -3*v**2 - 33*v + 130. What is u(-14)?
4
Let t(f) = -22*f + 247. Determine t(0).
247
Let g(r) = -r**3 + 111*r**2 + 13*r - 1430. What is g(111)?
13
Let c(t) = t**2 + 24*t + 67. Calculate c(-20).
-13
Let o(y) = -2*y**2 + 21*y - 43. What is o(7)?
6
Let a(j) = j**2 - 112*j - 12998. Calculate a(-71).
-5
Let b(u) = -245*u - 938. Give b(-5).
287
Let q(w) = -w**2 - 17*w - 49. Calculate q(-6).
17
Let z(r) = 4*r**2 - 4393*r + 26248. Determine z(6).
34
Let d(x) = -x**3 + 4*x**2 - 146*x + 1096. Determine d(7).
-73
Let p(j) = -j**3 - 32*j**2 - 64*j - 86. Calculate p(-30).
34
Let u(i) = -12*i**2 - 20*i - 61. What is u(-3)?
-109
Let p(f) = -5*f**3 + 114*f**2 + 23*f + 82. Give p(23).
82
Let y(s) = 3*s**2 - 28*s + 35. What is y(10)?
55
Let p(l) = -753*l - 18820. Calculate p(-25).
5
Let d(b) = 2*b**3 - 49*b**2 + 121*b - 235. Give d(22).
7
Let h(v) = 32*v + 640. Determine h(-20).
0
Let x(o) = -o**3 - 53*o**2 + 44*o - 559. What is x(-54)?
-19
Let v(o) = 2*o**3 - 32*o**2 + 110*o + 10. Calculate v(11).
10
Let j(q) = q**3 - 2*q**2 - 7*q + 20. What is j(-3)?
-4
Let u(z) = -8*z + 556. What is u(70)?
-4
Let x(v) = -v**2 - 36*v - 176. Determine x(-6).
4
Let j(n) = -1159*n - 12743. Determine j(-11).
6
Let g(p) = -7*p - 2. Calculate g(1).
-9
Let d(z) = 4*z**2 + 19*z - 8. Determine d(-5).
-3
Let b(f) = 3*f**3 + 84*f**2 + 34*f + 938. Calculate b(-28).
-14
Let o(z) = -5*z**3 + 6*z**2 - 3*z + 17. Determine o(3).
-73
Let l(u) = u**3 + 93*u**2 - 192*u - 212. What is l(-95)?
-22
Let a(b) = -7*b - 158. Give a(-8).
-102
Let v(n) = 12*n**2 + 100*n + 4. Calculate v(0).
4
Let x(o) = 27*o**2 + 214*o - 10. What is x(-7)?
-185
Let h(t) = 315*t - 531. What is h(3)?
414
Let u(w) = 3*w**3 + 539*w**2 - 187*w - 1259. What is u(-180)?
1
Let l(y) = -y**2 + 14*y + 102. Give l(-11).
-173
Let z(l) = -6*l**2 + 208*l + 37. Determine z(35).
-33
Let m(w) = 555*w + 4429. Give m(-8).
-11
Let l(v) = 15*v**2 - 435*v - 15. What is l(29)?
-15
Let c(l) = 45*l + 865. Determine c(-19).
10
Let z(l) = 154*l + 841. Give z(-5).
71
Let t(a) = -4*a + 42. Determine t(2).
34
Let n(o) = 111*o + 8105. Determine n(-73).
2
Let p(m) = -2*m**2 - 213*m - 4161. Determine p(-26).
25
Let h(c) = 183*c - 5308. Give h(29).
-1
Let y(i) = -11*i + 1011. Give y(92).
-1
Let n(g) = -g**3 + 6*g**2 - 9*g + 11. Give n(9).
-313
Let h(t) = -t**2 + 12*t - 140. Calculate h(14).
-168
Let v(t) = t**2 + 19*t - 520. Determine v(-35).
40
Let k(f) = -253*f + 410. Give k(2).
-96
Let j(l) = l**3 - 8*l**2 - 25*l - 88. Give j(12).
188
Let r(l) = -l**2 + 7*l + 2132. Give r(49).
74
Let w(t) = 192*t**2 - 83*t + 83. Give w(1).
192
Let k(z) = 53*z - 10133. What is k(188)?
-169
Let p(f) = 507*f + 4088. Determine p(-8).
32
Let b(z) = -456*z + 1359. Give b(3).
-9
Let y(q) = q**3 - 22*q**2 - 45*q - 69. What is y(24)?
3
Let t(w) = w**2 - 45*w + 115. Give t(11).
-259
Let k(d) = -2*d**3 - 2*d + 5. Give k(-4).
141
Let b(k) = 6*k**3 - 303*k**2 + 156*k - 302. Give b(50).
-2
Let q(u) = -2*u**2 - 480*u - 3270. Determine q(-7).
-8
Let v(n) = 2*n**2 + 177*n - 1136. Give v(6).
-2
Let s(a) = -a**2 + 31*a + 903. Give s(29).
961
Let g(a) = -12*a - 297. Determine g(-15).
-117
Let i(h) = 130*h + 387. Determine i(-3).
-3
Let r(q) = 4*q**2 - 191*q - 660. What is r(51)?
3
Let o(b) = -b**2 - 8*b + 4. Calculate o(-10).
-16
Let f(g) = -2*g**3 - 344*g**2 + 37*g + 6354. Determine f(-172).
-10
Let n(b) = -2423*b + 21763. Determine n(9).
-44
Let y(k) = 52*k + 1459. Determine y(-31).
-153
Let z(n) = -229*n + 8478. Determine z(37).
5
Let h(r) = -2*r**2 - 81*r + 140. Give h(-41).
99
Let f(b) = -30*b - 395. What is f(-18)?
145
Let g(k) = 93*k - 26. Calculate g(0).
-26
Let k(c) = c + 140. Calculate k(26).
166
Let l(z) = -6*z + 67. What is l(-7)?
109
Let v(f) = -f**2 - 16*f + 343. What is v(12)?
7
Let c(s) = s**2 - 22*s + 79. Give c(5).
-6
Let t(k) = -2*k**2 - 15*k - 50. Calculate t(-3).
-23
Let y(u) = -255*u + 497. Give y(2).
-13
Let a(r) = -50*r**2 - 170*r - 172. Give a(-1).
-52
Let h(z) = -z**2 + 18*z + 7. Give h(9).
88
Let y(v) = -v**2 - 4*v + 39. Calculate y(-12).
-57
Let r(u) = 40*u**2 - 124*u + 28. Determine r(4).
172
Let c(i) = -i**3 + 7*i**2 + 16*i + 66. Give c(10).
-74
Let x(z) = z**3 + 64*z**2 + 196*z + 4457. What is x(-62)?
-7
Let s(q) = -q**3 + 5*q**2 - 24*q + 65. Give s(6).
-115
Let f(k) = 65*k**2 + 3*k - 6. Give f(2).
260
Let b(s) = -s**3 + 89*s**2 - 246*s + 6257. Give b(87).
-7
Let i(y) = 86*y + 8679. Calculate i(-101).
-7
Let o(d) = 3*d**2 + 62*d + 179. Determine o(-3).
20
Let l(f) = -32*f**2 + 32*f - 33. What is l(1)?
-33
Let i(j) = 21*j - 1360. Calculate i(57).
-163
Let o(r) = -18*r**2 + 314*r - 19. Determine o(17).
117
Let i(w) = -260*w - 1588. Determine i(-6).
-28
Let t(x) = -x**3 - x**2 - 8*x + 10. Determine t(3).
-50
Let x(u) = -u**2 + 65*u - 413. What is x(58)?
-7
Let r(y) = 93*y - 1730. Calculate r(19).
37
Let c(k) = 404*k - 178. Calculate c(3).
1034
Let h(u) = 3208*u - 16043. Give h(5).
-3
Let w(h) = h**3 - 5*h**2 + 14*h - 44. Give w(7).
152
Let a(g) = 33*g - 162. Calculate a(6).
36
Let w(x) = 454*x + 68562. Calculate w(-151).
8
Let b(f) = 57*f**3 + 4*f**2 - 5*f. Determine b(1).
56
Let x(n) = 2*n**2 + 119*n - 891. Calculate x(-66).
-33
Let l(z) = -23*z**3 - 164*z**2 - 8*z + 12. Give l(-7).
-79
Let r(q) = 2*q**2 - 81*q - 38. Determine r(41).
3
Let y(c) = 270*c - 573. Give y(2).
-33
Let j(o) = -16*o**3 - 85*o**2 - 11*o + 22. Determine j(-5).
-48
Let y(c) = 2*c**2 - 42*c + 197. Give y(12).
-19
Let g(p) = p**3 + 44*p**2 + p + 50. What is g(-44)?
6
Let d(w) = -63*w**3 + 3*w + 2. Determine d(-1).
62
Let n(v) = -v**3 + 39*v**2 - 111*v + 111. Calculate n(36).
3
Let q(i) = -i**2 + 17*i - 4. Determine q(15).
26
Let r(b) = b**3 + 5*b**2 - 65*b - 351. Calculate r(-7).
6
Let k(v) = -2*v**2 - 72*v - 231. What is k(-33)?
-33
Let a(h) = -29*h - 429. Give a(-14).
-23
Let w(n) = n**3 + 9*n**2 + 7*n - 35. What is w(-7)?
14
Let v(k) = -63*k + 61. Calculate v(-2).
187
Let i(d) = 2572*d + 10267. Determine i(-4).
-21
Let j(g) = 7*g**3 - 332*g**2 - 534*g - 242. Determine j(49).
3
Let w(x) = -x**3 - 12*x**2 + 118*x + 73. Determine w(-18).
-107
Let l(f) = 6164*f + 36954. Determine l(-6).
-30
Let p(j) = -5*j**2 + 77*j - 24. Determine p(17).
-160
Let l(p) = p**2 + 14*p - 183. What is l(8)?
-7
Let k(a) = -a**3 + 10*a**2 - 14*a + 42. Give k(9).
-3
Let x(f) = 11*f**3 - 56*f**2 + 7*f + 3. Give x(5).
13
Let m(i) = 14*i + 942. Calculate m(-68).
-10
Let k(h) = -h**3 - 14*h**2 - 43*h - 33. What is k(-10)?
-3
Let w(y) = -68*y**3 - 7*y**2 - 7*y - 10. Determine w(-2).
520
Let y(c) = -359*c + 11559. What is y(32)?
71
Let r(i) = 3*i**2 + 6*i - 10. Give r(-3).
-1
Let u(q) = 39*q**2 - 3394*q + 80. Give u(87).
-7
Let v(x) = 2*x**3 - 44*x**2 + 243*x - 21. Calculate v(11).
-10
Let u(y) = -43*y + 1659. Determine u(40).
-61
Let j(x) = x**3 + 45*x**2 - 48*x - 63. Determine j(-46).
29
Let b(z) = -z**2 - 225*z + 19918. Determine b(68).
-6
Let b(r) = -r**3 - 74*r**2 + 151*r - 41. Determine b(-76).
35
Let n(o) = o**2 - 9*o + 42. What is n(9)?
42
Let u(p) = 56*p**2 - 842*p + 26. What is u(15)?
-4
Let y(l) = 2*l**3 + 19*l**2 - 161*l - 1397. Give y(-11).